ctor of v and 10?
10
Suppose 0*u + 26 = -2*u. Suppose 4*r - 3 = 9, 3*i - 63 = 2*r. Let m = i + u. What is the greatest common factor of 70 and m?
10
Let w be (4/(-10))/(2/(-10)). Suppose -3*b + 14 = h, 3*h + 5*b = -w*h + 50. What is the greatest common divisor of 56 and h?
8
Suppose 0 = -3*w - j + 7, 0 = 3*w - 2*j - 4. Let y(u) = -u**3 - 5*u**2 + 1. Let c be y(-5). Let q = c + 2. Calculate the highest common factor of w and q.
1
Let m be -3 + 3 + -3 - (0 + -143). Calculate the highest common divisor of m and 56.
28
Let j(h) = -h**3 + 3*h**2 + 2 - 6 + 4*h**2 - 4*h. Let w be j(6). What is the highest common factor of w and 20?
4
Let i = 9 - 1. Suppose -4*m = 3*r + 71, 0*r = m - 2*r + 4. Let f be 4/m + 172/14. Calculate the greatest common factor of f and i.
4
Let z be 8/(1 - 0) + -1. Calculate the greatest common factor of z and 35.
7
Let f(y) = -y**2 - 6*y - 2. Let r be f(-6). Let k be (3/(-6) - r)*2. What is the highest common factor of k and 15?
3
Suppose 0 = 2*b - 3 - 1. Suppose -b*m + 40 = -0*m. Calculate the highest common divisor of 80 and m.
20
Suppose 0 = 3*m - 4*m + 60. Calculate the highest common divisor of 20 and m.
20
Let q = 28 - 14. Suppose -2*y = -4 - 4. Suppose -2*w - 3*t - 5 = 0, -3*w + 0*t = y*t + 6. What is the highest common factor of w and q?
2
Let l = 5 + 30. What is the highest common factor of l and 5?
5
Suppose 0 = -h - 5*u + 15, 0 = h - 3*u - 4 + 5. Suppose -3*k + 16 + 10 = -h*b, -b - 46 = -4*k. Let f = -11 + 15. What is the highest common divisor of f and k?
4
Let d(m) = m**3 + 6*m**2 + 3*m. Let z be 0 + 3 + 4/(-4). Let r = -1 - z. Let v be d(r). Calculate the greatest common divisor of v and 45.
9
Let i be (-2 + 8)*20/3. Calculate the greatest common divisor of 15 and i.
5
Let w(v) = -4*v - 1. Let a be w(-4). What is the highest common divisor of a and 10?
5
Let i(x) = -x**3 - x**2 - x - 4. Let a be i(-3). Suppose -3*v - 4*k - 38 = -8*v, 2*v - k = a. What is the greatest common factor of 25 and v?
5
Suppose 0*w - 4*n = -4*w + 8, 3*w + 3*n + 12 = 0. Let l be ((-2)/4)/w*4. What is the highest common factor of 14 and l?
2
Let x(r) = 36*r + 1. Let n be x(1). Let l = -23 + n. What is the greatest common divisor of 2 and l?
2
Suppose 173 = 2*p + 5*j, 3*p - j - 366 + 115 = 0. Suppose 3*l = -2*a - l + 8, -5*a = 2*l - 52. Calculate the greatest common divisor of p and a.
12
Let c = 36 - 26. What is the greatest common divisor of c and 15?
5
Suppose 6*w + 5*n = 5*w - 14, 4*w - 44 = 5*n. Let d(t) = -t**2 + 7*t. Let c be d(w). Calculate the highest common factor of c and 6.
6
Let q = -332 - -354. Suppose 2*i - 22 = i. What is the greatest common divisor of q and i?
22
Let n = -99 + 176. What is the greatest common factor of n and 11?
11
Let y = 12 + -4. Suppose 3*q - 274 = 5*c, -c + 4*c + 6 = 0. Calculate the greatest common factor of y and q.
8
Suppose -z + 58 = m, m - 5*z + 4*z = 68. Let g(d) = -d**3 + 9*d**2 - 14*d + 9. Let o be g(7). What is the highest common divisor of m and o?
9
Let u be -45*(2 + 24/(-20)). Let d be (33/(-2))/(3/u). Calculate the greatest common divisor of 22 and d.
22
Let k = 69 - -95. What is the greatest common divisor of k and 41?
41
Suppose 12*v = 13*v - 66. What is the highest common divisor of 44 and v?
22
Let g = -2 - -4. Suppose -g*q + 237 = 3. Calculate the highest common divisor of q and 13.
13
Suppose 4*l - 80 = -2*x - x, 4*x + 2*l - 90 = 0. What is the greatest common divisor of 8 and x?
4
Suppose -2*u + 6 = 0, -4*l + 8*u = 3*u - 45. What is the highest common factor of l and 60?
15
Let k be (-10)/(-1 - 2*-1). Let i = k - -19. Let b(h) = -4*h**3 + 2*h - 3. Let d be b(-3). What is the highest common divisor of d and i?
9
Suppose -115 = -3*s + 2*y, -4*s - y - y = -130. Let c be -2 + 3/(-3) + 17. What is the highest common factor of s and c?
7
Suppose -2*b - 4*n + 4 = 0, -n = -3*b - b + 8. Suppose 0*d = -b*d + 16. What is the highest common divisor of 4 and d?
4
Suppose 2*p = 2*j - 0*j, 2*j = -5*p + 7. Let f be 5/1*j*27. Calculate the greatest common factor of f and 15.
15
Let k = 66 + -58. What is the highest common factor of k and 32?
8
Let c(u) = -2*u - 3 + 3*u - 3*u. Let t be c(-5). Calculate the greatest common factor of t and 7.
7
Let r be 2/6 - 224/(-3). Suppose -r = -5*s - 25. Let w = 69 + 41. Calculate the greatest common divisor of w and s.
10
Suppose 23 = 4*z - 17. Let v = 17 + 3. What is the highest common divisor of v and z?
10
Let l = 56 + -38. Let t = l + -1. Calculate the highest common factor of t and 119.
17
Suppose 0 = 3*m - 5*v + 47, -3*m + v = -v + 53. Let k = m - -44. Calculate the greatest common divisor of 5 and k.
5
Suppose 3*v - 5*n = 16, -v + 0*n = -2*n - 5. Let x = 9 - v. What is the highest common divisor of x and 1?
1
Suppose 3*t - 8*t = -q - 15, -t + 27 = -5*q. Suppose 5*b = t*b + 24. Calculate the highest common factor of b and 12.
4
Let j be -4*20/12*-3 - 0. Calculate the highest common divisor of 16 and j.
4
Suppose -10 = 4*j - 9*j. Let h(u) = u**3 - 2. Let v be h(2). What is the greatest common divisor of v and j?
2
Suppose z = -z + 56. Suppose -10 = -2*n - 4. Suppose -n*o - 10 = -f, 22 = 5*f + 3*o + 8. What is the greatest common factor of f and z?
4
Let d = 24 + -21. Suppose -d*x + 114 - 30 = 0. Calculate the greatest common divisor of x and 4.
4
Suppose 55 = 3*p - 2*f, 0 = 5*p - 3*f + f - 97. Let x(b) = -8*b - 84. Let c be x(-21). What is the greatest common divisor of c and p?
21
Suppose -3*g = 2*g. Suppose k - 6*k - 30 = g. Let p be (-3 + k - 2)*-2. Calculate the highest common factor of 66 and p.
22
Let m = 128 + 47. Calculate the greatest common factor of m and 25.
25
Suppose -3*i = -5*p + 19, 2*i + 10 = -2*i - p. Let n be (-44)/i*3/2. Calculate the highest common factor of n and 33.
11
Let v = -6 - -16. Let t be (-1 - -103) + (0 - 0). Suppose 3*r = -r + y + t, 21 = r + 2*y. What is the greatest common divisor of v and r?
5
Suppose t = 61 - 17. Suppose -b - t = -2*b. Suppose -6*m = -2*m - 44. Calculate the greatest common divisor of m and b.
11
Let d be 3/6*0 + -3. Let l = d + 13. Calculate the highest common factor of 70 and l.
10
Let y be (-62)/(-5) - 30/(-50). Calculate the greatest common factor of 39 and y.
13
Let l = -9 + 19. Calculate the greatest common divisor of 10 and l.
10
Let y be (-2)/12 - 1/(-6). Let l = -8 - -11. Suppose -8*z + l*v = -3*z - 187, -3*z - 4*v + 89 = y. What is the highest common factor of 5 and z?
5
Let p(o) = o**2 - 15*o + 5. Let t be (0 - -15) + (-2 - -2). Let c be p(t). What is the highest common divisor of 40 and c?
5
Suppose -30 = 4*c + c. Let g be (6/4)/(c/(-160)). Calculate the highest common factor of g and 16.
8
Let g be (-1 - (-1 - -1))*-5. Let p(v) = 1 - v + 2*v + 0. Let i be p(g). What is the greatest common factor of 9 and i?
3
Let v be (-2)/((-4)/(-3))*-28. Let k be 160/5 - (8 + -4). Calculate the highest common factor of k and v.
14
Let o = 11 + -11. Suppose 0 = -5*c + h + 337, o*h + 3 = h. Calculate the greatest common divisor of c and 17.
17
Let p(s) be the third derivative of -s**6/120 + 7*s**5/60 - 5*s**4/24 - s**3/6 + s**2. Let w be p(5). Calculate the highest common factor of w and 36.
12
Suppose -4*h = n - 125, -2*h + 6 = 2. Calculate the highest common factor of n and 13.
13
Let p(a) = -a**2 + 3*a - 1. Let j be p(2). Let u be j - (-17 + 0 - 0). Let d = 30 - u. What is the greatest common divisor of d and 12?
12
Let q be 2*1*14/2. Suppose 111 = v + 8. Suppose -v = -2*k + 9. What is the highest common divisor of k and q?
14
Suppose 0*s + v = -4*s + 125, 0 = -5*v + 25. What is the highest common divisor of s and 20?
10
Let w = 8 + 6. What is the greatest common factor of 42 and w?
14
Let z(m) = m**3 + 5*m**2 - 2. Let j be z(-5). Let l = j - -61. Suppose 57 = 5*c + 3*s, -2*s + 3*s = -5*c + l. Calculate the greatest common factor of c and 72.
12
Let w = 22 + -12. Suppose -30 = -5*c - 3*v, -2*c - 4*v = 3*c - 35. Let o = c + -1. What is the highest common divisor of w and o?
2
Let o(c) = -10*c + 6. Let b be o(5). Let k = b + 65. Calculate the greatest common factor of k and 21.
21
Let c = 0 + 3. Let w = c + 1. Let z(k) = -2*k**3 - 2*k**2 - 2*k - 2. Let i be z(-2). What is the highest common factor of w and i?
2
Let p(b) = b**3 + 13*b**2 + 8*b - 24. Let m be p(-12). Calculate the greatest common factor o